 Let n(u) = -u**2 + 8*u - 4. What is the units digit of n(o)?
8
Suppose -20 = 4*t, 1 = 2*a - 2*t - 9. Suppose 3*v - 11 - 7 = a. What is the units digit of v?
6
Suppose -12 = -4*o + o - 3*n, 5*n = 10. Suppose -o*r + r = -20. What is the units digit of r?
0
Let y(p) = -p**3 - 6*p**2 + 6. Let z be y(-6). Suppose 0 = 4*r - 2 + 14. What is the units digit of (-2)/(z/1)*r?
1
What is the tens digit of (-40)/16*(-378)/5?
8
Let v(d) = d**2 - 1. Let g(w) = -4*w**2 - w + 6. Let c(o) = g(o) + 3*v(o). Suppose 5*m - 3*m = 0. What is the units digit of c(m)?
3
Let x = -6 + 6. What is the units digit of 7 - (2 + (x - 1))?
6
Let x = 46 - 26. Suppose 5*u = -f + x, -3*f + 5*u = -0*f - 40. What is the units digit of f?
5
Let f(n) = -n**2 - 20*n - 26. Let b be f(-18). Let v(g) = g**3 - 4*g**2 + 5*g - 2. Let z be v(3). Suppose -t + b = z*t. What is the units digit of t?
2
Let w = 5 - 3. What is the units digit of (w/(-4))/((-2)/4)?
1
Let l = -189 + 320. What is the tens digit of l?
3
Let u be (-6)/(-15) + 69/15. Suppose v - 17 = -4*x, 7 + 10 = u*x - 3*v. Suppose 0 = -5*s + 3*w + 16, -41 = -x*s - 2*w - 15. What is the units digit of s?
5
Let k = 571 + -398. What is the units digit of k?
3
Let u be (-1)/(-5) - (-42)/(-10). What is the tens digit of 3/1 + (u - -34)?
3
What is the units digit of 175/28 + 2/(-8)?
6
Let w = -21 + 41. What is the units digit of w?
0
Let m(s) = s**2 - 8*s + 5. Let i be m(9). Suppose -5*b - 6 = -2*k - 4*b, 3*b = 4*k - i. Let j(l) = l**3 + l**2 - 3*l + 1. What is the units digit of j(k)?
7
Let s = -8 + 8. Suppose 2*o + 4*u - u - 38 = s, -2*o + 5*u + 6 = 0. What is the units digit of o?
3
Let r(b) = -16*b + 0 + 5 + 18*b + b**2. What is the tens digit of r(-4)?
1
Suppose 0 = -4*d + 13 + 3. Let x(m) be the first derivative of 5*m**2/2 - 1. What is the tens digit of x(d)?
2
Let t(u) = u**3 - 5*u**2 - 5*u - 22. What is the tens digit of t(9)?
5
Suppose 2*z + 5*b - 2 = 59, 4*z - 157 = -3*b. What is the units digit of z?
3
Suppose -9 = 3*s - 2*c, 2*s + 14 = 4*c - 0*c. Let d be (-1 - s)/2 + -9. Let j(m) = m**3 + 9*m**2 - m - 3. What is the units digit of j(d)?
6
Let v(t) = 6*t - 16. What is the tens digit of v(8)?
3
Suppose f = 2*h - 30, 5*h - 5*f - 61 - 9 = 0. What is the units digit of h?
6
Let q = -68 - -139. What is the tens digit of q?
7
Suppose -22 = 2*c + 3*x, -6*x + 3*x = -c - 20. Let a = -5 - c. What is the units digit of a?
9
Let d(y) = -46*y**3 + 3*y**2 + 3*y + 1. What is the units digit of d(-1)?
7
Suppose 54 = o - 3*v, -5*o - v + 216 = -o. What is the tens digit of o?
5
What is the tens digit of 4/4 - (-3 + -110)?
1
Let q be (-2)/2*(2 + -5). Suppose -q*x + 21 = -0*x. What is the units digit of x?
7
Let a be 10 + (-2)/(-2) + -2. Let c = 21 - a. Suppose c = 5*l - 3*l. What is the units digit of l?
6
Suppose n = -p - 1, 4*n + 0*p = p + 1. Suppose -2*z + 16 + 6 = n. What is the tens digit of z?
1
Let o = -20 - -34. What is the tens digit of o?
1
Let b = -127 - -338. What is the hundreds digit of b?
2
Let u(v) = -2*v**3 - 3*v + 3. Let x be u(2). Let d = x + 30. What is the units digit of d?
1
Suppose 0 = 4*n - 3*r + 117, -2*n - 5*r + 3 = 68. What is the units digit of ((-40)/12)/(4/n)?
5
Let t(s) = -6*s - 11. Let w be t(-8). What is the tens digit of w*(12/(-4) + 4)?
3
Let a = 191 + -170. What is the units digit of a?
1
Suppose -d - 2*d + 4*i + 2 = 0, -d + 2*i = 0. Suppose 26 = -d*s + 3*s. What is the units digit of s?
6
Suppose -2*r + 5*t - 27 = -3*r, 0 = -2*r + 5*t + 39. What is the units digit of r?
2
Let d(u) = -u**3 + u + 26. Let m be d(0). Let r = m - 9. What is the units digit of r?
7
Let v(m) = 2*m**2 - 8*m + 7. Let l(k) = -3*k**2 + 8*k - 6. Let f(r) = 3*l(r) + 4*v(r). What is the units digit of f(-8)?
0
What is the tens digit of 350/5 + (-3 - -7)?
7
Let o = -2 + 3. Let w be (-1)/(-2 + o)*3. Suppose w*l + 3*v - 25 = l, -2*l = -4*v - 4. What is the units digit of l?
8
Let v(h) = 10*h**2 - 1. Let j(k) = 2*k - 3 + 2 - 2. Let g be j(2). What is the units digit of v(g)?
9
Suppose -2*a - 13 = -5*c, -18 - 7 = -5*c. What is the units digit of a?
6
Suppose -2*m - 10 = -96. What is the units digit of m?
3
What is the units digit of (4 - (3 + 1) - 0) + 32?
2
Let f = 10 - 6. Suppose -3*a = -3*x - 45, 0*a - 3*a = -f*x - 46. What is the tens digit of a?
1
Let g(n) = -n**2 - n + 14. Let f be -3*(1 + (-5)/3). Let m be 1/f*-4 - -2. What is the units digit of g(m)?
4
Let v = -92 + 172. What is the units digit of v?
0
What is the tens digit of (-3)/((-4)/48*1)?
3
Let z = 0 - -2. Suppose -z*x = 4*d - 12, 6*x = x - 4*d + 18. Suppose -4*u + 32 = x*m, -4*u - 1 = -5*m - 19. What is the units digit of u?
7
Let x(u) = 5*u**2 - 4*u + 3. Let s be x(2). Let r = s + -8. What is the units digit of r?
7
Suppose -3*q + 0*q + b + 153 = 0, -5*q - 4*b + 255 = 0. What is the units digit of q?
1
Let y = 588 + -325. What is the hundreds digit of y?
2
Suppose 0 = -5*y - 4 + 14. What is the units digit of y?
2
Suppose 0 = -3*v + 21 - 3. Let y(g) = -g**2 + 6*g + 8. Let j be y(6). Let w = j - v. What is the units digit of w?
2
What is the tens digit of 40/25*(507/6 - 2)?
3
Suppose 4*z - 391 = -23. Suppose -4*j + z = 4*n, 155 = j + 4*j - 3*n. What is the units digit of j?
8
Suppose b - 5*q = 101 + 20, -2*b - 2*q = -218. What is the hundreds digit of b?
1
Suppose -5*n - 140 = 435. Let r = -75 - n. What is the units digit of r?
0
Let z(c) = -50*c + 1. Let l = -13 - -12. What is the units digit of z(l)?
1
Suppose 508 = 2*s + 3*s + d, -s = 3*d - 110. What is the units digit of s?
1
Let p = 14 - -6. What is the units digit of p?
0
Let w(a) = a + 2. Let k be w(4). Suppose -27 = -k*y + 5*y. What is the tens digit of y?
2
Let h(c) = -c - 1. Suppose -3*o - 24 = 3*a, -6 = a - 3*o + 2*o. What is the units digit of h(a)?
6
Suppose 0 = r + 4*m - 10, -3*r = -2*r - 3*m - 3. Suppose 5*s - r*s + 3 = 0. Suppose 5*j - 6*d - 13 = -s*d, -j + 5*d - 15 = 0. What is the units digit of j?
5
Let w = 1 + 13. Suppose -60 - w = -2*d. What is the tens digit of d?
3
Suppose -c - 4*b = 15, -5*c + 5*b = -25 - 0. Suppose p + d + 2 = 3, -2*p - c = -d. Let l = p - -7. What is the units digit of l?
7
Suppose 5*q + 3 = 6*q. Suppose 0*i - 87 = -q*i. What is the tens digit of i?
2
What is the tens digit of (-258)/(-4) + (-17)/34?
6
Let f(c) = -c**3 - 7*c**2 - 6*c + 4. Let n be f(-6). Let h = n - 1. Suppose m - 19 = -2*v, -h*v + 37 = v + m. What is the units digit of v?
9
Let i(s) = 3*s**3 - 2*s**2 - s. Let c be i(-2). Let w = -11 - c. What is the units digit of w?
9
Let v(m) be the first derivative of 3*m**4/4 + 2*m**3/3 - m**2/2 + m + 4. What is the tens digit of v(2)?
3
Suppose 0 = -9*a - 284 + 1535. What is the tens digit of a?
3
Suppose -6 = 2*a, 2*u + 5*a = 2*a + 29. What is the tens digit of u?
1
Suppose 5*w = 17*w - 144. Suppose a = 2*a + 3*p + 13, -12 = 4*a + 4*p. Suppose a*o = 6*o - w. What is the units digit of o?
3
Suppose -3*p - 12 = -6*p. What is the units digit of p?
4
What is the hundreds digit of 3 + -502*(-3)/6?
2
Suppose -6*d + 3*d = -9. Suppose 4*r - 8 = -3*t, 2*r - 14 = -d*t + 2. What is the units digit of t?
8
Let c(l) = 5*l**2 - 2*l + 2. Let z(p) = -9*p**2 + 5*p - 5. Let n(q) = 7*c(q) + 3*z(q). What is the units digit of n(1)?
8
Let c(l) = 2*l**3 + 5*l**2 - 3*l - 2. What is the tens digit of c(3)?
8
Suppose 2*h = 2*u + 8, -3*h + 4*u - 1 + 15 = 0. Suppose -11 = -h*d - 1, t = 4*d + 1. What is the tens digit of t?
2
What is the hundreds digit of 136 + -1 - (16 - 16)?
1
Let j(y) = y + 4. Let l be j(-5). What is the tens digit of l*-10*1 + 1?
1
Let s be (1 + -1)*(-3 + 2). Let b(z) = -1 + z + s - 3. What is the units digit of b(6)?
2
Let m be (-2)/(-10) - (-34)/5. Let x = m - 2. Suppose 4*b + x*r - 17 = 0, 0 = -6*b + 3*b - r + 21. What is the units digit of b?
8
Let i(g) be the third derivative of g**6/120 + 7*g**5/60 + g**4/12 - 4*g**3/3 - 3*g**2. Let h = 3 + -9. What is the units digit of i(h)?
6
Suppose 5*t + 53 = 3*u - 103, -u = 5*t - 32. What is the tens digit of u?
4
Suppose -2 = 3*r + 1. Let a be r/2 - (-11)/2. Let j = a + 2. What is the units digit of j?
7
Suppose -2*o + 5*o = 27. What is the units digit of o?
9
Let k = -38 - -343. What is the units digit of k?
5
Let g be 3/1*20/12. Suppose 16 = j + g. What is the units digit of j?
1
Suppose -2*c = -0*c - 12. Let h(z) = z**3 - 7*z**2 + 3